ide 700?
True
Does 13 divide 455?
True
Is 940 a multiple of 10?
True
Is 169 a factor of 4732?
True
Is 980 a multiple of 128?
False
Does 8 divide 561?
False
Is 33 a factor of 104?
False
Is 11 a factor of 18733?
True
Is 54412 a multiple of 21?
False
Is 57 a factor of 12510?
False
Is 127 a factor of 56702?
False
Is 1617 a multiple of 147?
True
Does 17 divide 102?
True
Is 14 a factor of 730?
False
Is 6831 a multiple of 48?
False
Is 93 a factor of 20739?
True
Is 165 a factor of 5993?
False
Is 10184 a multiple of 67?
True
Is 2895 a multiple of 15?
True
Is 2088 a multiple of 24?
True
Is 255 a multiple of 85?
True
Does 16 divide 11670?
False
Is 81 a factor of 8991?
True
Is 4896 a multiple of 16?
True
Does 47 divide 42488?
True
Is 18 a factor of 72?
True
Does 20 divide 46121?
False
Is 66341 a multiple of 37?
True
Does 74 divide 2590?
True
Is 3 a factor of 361?
False
Does 7 divide 1203?
False
Is 1317 a multiple of 20?
False
Is 300 a multiple of 60?
True
Does 26 divide 1378?
True
Is 27658 a multiple of 6?
False
Is 19 a factor of 646?
True
Does 54 divide 2592?
True
Is 29 a factor of 5870?
False
Is 51 a factor of 18615?
True
Does 63 divide 16667?
False
Is 2907 a multiple of 51?
True
Is 4237 a multiple of 19?
True
Is 40284 a multiple of 108?
True
Is 45 a factor of 886?
False
Is 59 a factor of 3717?
True
Does 43 divide 14491?
True
Is 60 a factor of 21420?
True
Is 41 a factor of 1025?
True
Is 1196 a multiple of 46?
True
Does 27 divide 2993?
False
Does 78 divide 4212?
True
Is 53 a factor of 4823?
True
Is 490 a multiple of 14?
True
Is 92 a factor of 5849?
False
Does 69 divide 1725?
True
Does 49 divide 33126?
False
Does 100 divide 18690?
False
Is 879 a multiple of 12?
False
Does 344 divide 15544?
False
Is 2879 a multiple of 44?
False
Is 50 a multiple of 22?
False
Does 24 divide 395?
False
Is 5665 a multiple of 171?
False
Is 9 a factor of 1487?
False
Is 43086 a multiple of 21?
False
Is 13516 a multiple of 62?
True
Does 85 divide 31790?
True
Is 2964 a multiple of 26?
True
Does 8 divide 1345?
False
Does 5 divide 188?
False
Is 153 a multiple of 3?
True
Is 5 a factor of 543?
False
Is 1972 a multiple of 58?
True
Does 15 divide 2123?
False
Is 6 a factor of 9791?
False
Does 12 divide 854?
False
Is 8944 a multiple of 8?
True
Is 73 a factor of 28105?
True
Does 15 divide 3120?
True
Does 85 divide 14280?
True
Does 6 divide 7164?
True
Does 9 divide 1989?
True
Does 21 divide 546?
True
Does 17 divide 3638?
True
Is 693 a multiple of 27?
False
Is 20309 a multiple of 142?
False
Is 181 a factor of 46717?
False
Does 38 divide 874?
True
Does 29 divide 6236?
False
Is 20646 a multiple of 18?
True
Is 4 a factor of 44?
True
Is 6184 a multiple of 4?
True
Is 11 a factor of 22?
True
Is 5950 a multiple of 3?
False
Does 21 divide 1063?
False
Does 5 divide 292?
False
Is 11 a factor of 8657?
True
Is 10 a factor of 178?
False
Does 166 divide 31374?
True
Is 148 a factor of 7670?
False
Is 132 a factor of 528?
True
Does 9 divide 41956?
False
Does 7 divide 79653?
True
Is 1172 a multiple of 4?
True
Is 73480 a multiple of 49?
False
Does 15 divide 3669?
False
Is 404 a multiple of 101?
True
Is 3 a factor of 748?
False
Does 317 divide 54524?
True
Does 7 divide 101?
False
Does 8 divide 5899?
False
Does 73 divide 15549?
True
Is 24 a factor of 1096?
False
Does 53 divide 2830?
False
Does 17 divide 221?
True
Is 111 a factor of 1454?
False
Is 36 a factor of 966?
False
Is 9534 a multiple of 6?
True
Is 915 a multiple of 79?
False
Is 15 a factor of 7905?
True
Is 43 a factor of 4386?
True
Is 36 a factor of 14760?
True
Is 8118 a multiple of 22?
True
Is 11 a factor of 18788?
True
Is 155331 a multiple of 33?
True
Is 2068 a multiple of 28?
False
Is 756 a multiple of 8?
False
Is 86 a factor of 6192?
True
Does 71 divide 1420?
True
Is 1118 a multiple of 44?
False
Does 6 divide 352?
False
Does 8 divide 64?
True
Does 15 divide 2085?
True
Is 993 a multiple of 39?
False
Does 10 divide 10194?
False
Does 7 divide 5811?
False
Does 103 divide 16274?
True
Is 1056 a multiple of 52?
False
Is 38254 a multiple of 31?
True
Does 27 divide 1917?
True
Is 42471 a multiple of 69?
False
Is 8 a factor of 15045?
False
Is 9587 a multiple of 37?
False
Is 13 a factor of 132786?
False
Does 109 divide 2269?
False
Does 2 divide 4134?
True
Is 13 a factor of 1851?
False
Is 4456 a multiple of 102?
False
Does 23 divide 17458?
False
Is 1920 a multiple of 15?
True
Is 9 a factor of 8747?
False
Is 3 a factor of 21?
True
Is 72 a multiple of 3?
True
Is 421 a multiple of 2?
False
Is 1240 a multiple of 20?
True
Is 2 a factor of 48?
True
Is 189 a multiple of 9?
True
Is 51 a factor of 21012?
True
Does 13 divide 2548?
True
Is 187 a factor of 94507?
False
Is 18 a factor of 1260?
True
Is 20860 a multiple of 28?
True
Is 68 a multiple of 28?
False
Is 28 a factor of 3001?
False
Is 19 a factor of 1145?
False
Is 13984 a multiple of 41?
False
Is 242 even?
True
Does 82 divide 3938?
False
Is 15 a factor of 34797?
False
Does 20 divide 140?
True
Is 6 a factor of 115?
False
Is 97 a multiple of 3?
False
Is 47 a factor of 4136?
True
Is 7 a factor of 350?
True
Is 561 a multiple of 51?
True
Does 132 divide 17099?
False
Is 26 a factor of 18612?
False
Is 54126 a multiple of 291?
True
Is 928 even?
True
Is 150 a factor of 154?
False
Is 39 a factor of 4095?
True
Does 33 divide 1055?
False
Is 2 a factor of 634?
True
Is 14640 a multiple of 15?
True
Is 27 a factor of 28507?
False
Is 47 a factor of 785?
False
Is 256 a factor of 57088?
True
Is 77 a factor of 895?
False
Does 3 divide 3744?
True
Does 96 divide 65206?
False
Is 12 a factor of 142?
False
Is 236 a multiple of 5?
False
Is 733 a multiple of 2?
False
Does 6 divide 753?
False
Is 10 a factor of 116?
False
Is 1974 a multiple of 8?
False
Does 96 divide 37633?
False
Is 25 a factor of 1541?
False
Is 32778 a multiple of 6?
True
Does 11 divide 29858?
False
Is 532 a multiple of 38?
True
Does 9 divide 4300?
False
Is 846 a multiple of 47?
True
Is 10320 a multiple of 24?
True
Is 8 a factor of 15714?
False
Is 2416 a multiple of 166?
False
Is 11 a factor of 19398?
False
Is 42930 a multiple of 15?
True
Does 20 divide 1740?
True
Is 34 a factor of 5032?
True
Is 2453 a multiple of 10?
False
Is 8 a factor of 105?
False
Does 13 divide 6052?
False
Is 13 a factor of 4358?
False
Is 3778 a multiple of 27?
False
Is 517 a multiple of 13?
False
Is 685 a multiple of 25?
False
Is 580 a multiple of 5?
True
Is 51 a factor of 51033?
False
Does 287 divide 69415?
False
Is 3 a factor of 161?
False
Does 64 divide 24217?
False
Is 53 a multiple of 16?
False
Does 35 divide 3325?
True
Is 62 a factor of 1831?
False
Is 15 a factor of 135?
True
Is 3342 a multiple of 41?
False
Does 42 divide 26712?
True
Is 1157 a multiple of 11?
False
Is 8610 a multiple of 123?
True
Is 741 a multiple of 19?
True
Does 68 divide 2562?
False
Is 56 a factor of 3528?
True
Does 20 divide 1220?
True
Does 18 divide 954?
True
Is 9 a factor of 1313?
False
Is 3519 a multiple of 14?
False
Is 6215 a multiple of 46?
False
Does 8 divide 1384?
True
Is 85 a factor of 29410?
True
Is 72 a factor of 46872?
True
Does 27 divide 15883?
False
Is 319 a factor of 13717?
True
Is 31 a factor of 932?
False
Does 77 divide 50743?
True
Is 31329 a multiple of 59?
True
Is 142 a factor of 1988?
True
Does 21 divide 1072?
False
Is 16805 a multiple of 76?
False
Is 784 a multiple of 21?
False
Is 9 a factor of 1358?
False
Does 5 divide 495?
True
Does 24 divide 63?
False
Is 41 a factor of 861?
True
Is 9 a factor of 19440?
True
Is 17952 a multiple of 12?
True
Is 8 a factor of 3786?
False
Does 60 divide 360?
True
Is 12 a factor of 30576?
True
Does 64 divide 5184?
True
Is 11 a factor of 1274?
False
Is 67 a factor of 938?
True
Does 108 divide 1971?
False
Is 464 a multiple of 8?
True
Does 42 divide 1176?
True
Is 27 a factor of 957?
False
Is 1287 a multiple of 13?
True
Does 41 divide 27682?
False
Does 23 divide 10484?
False
Is 15 a factor of 293?
False
Is 43 a factor of 7310?
True
Is 22056 a multiple of 8?
True
Is 48 a factor of 21264?
True
Is 302 a multiple of 20?
False
Is 19 a factor of 2265?
False
Is 19 a factor of 17410?
False
Does 11 divide 10120?
True
Is 10 a factor of 360?
True
Is 60 a factor of 2571?
False
Is 24 a factor of 59472?
True
Does 76 divide 355?
False
Is 32016 a multiple of 16?
True
Does 11 divide 1702?
False
Is 4